{"id":681,"date":"2022-03-25T08:56:26","date_gmt":"2022-03-25T08:56:26","guid":{"rendered":"https:\/\/www.norayfactoria.es\/?page_id=681"},"modified":"2022-03-25T09:09:16","modified_gmt":"2022-03-25T09:09:16","slug":"aviso-legal","status":"publish","type":"page","link":"https:\/\/www.norayfactoria.es\/?page_id=681","title":{"rendered":"AVISO LEGAL"},"content":{"rendered":"<strong>NORAY Factor\u00eda de Dise\u00f1o,<\/strong> provisto con NIF\/CIF <strong>B67998500<\/strong>, direcci\u00f3n <strong>C\/ Toledo 2, 3-1 San Sebasti\u00e1n de los Reyes, 28701,<\/strong> no puede asumir ninguna responsabilidad derivada del uso incorrecto, inapropiado o il\u00edcito de la informaci\u00f3n aparecida en la p\u00e1gina de Internet de <strong>www.norayfactoria.es<\/strong>\n\n<!-- \/wp:post-content -->\n\n<!-- wp:paragraph -->\n\nCon los l\u00edmites establecidos en la ley, <strong>Noray, Factor\u00eda de dise\u00f1o S.L<\/strong> no asume ninguna responsabilidad derivada de la falta de veracidad, integridad, actualizaci\u00f3n y precisi\u00f3n de los datos o informaciones que se contienen en sus p\u00e1ginas de Internet.\n\n<!-- \/wp:paragraph -->\n\n<!-- wp:paragraph -->\n\nLos contenidos e informaci\u00f3n no vinculan a <strong>Noray, Factor\u00eda de Dise\u00f1o<\/strong> ni constituyen opiniones, consejos o asesoramiento legal de ning\u00fan tipo pues se trata meramente de un servicio ofrecido con car\u00e1cter informativo y divulgativo.\n\n<!-- \/wp:paragraph -->\n\n<!-- wp:paragraph -->\n\nLa p\u00e1gina de Internet de <strong>Noray, Factor\u00eda de Dise\u00f1o<\/strong> puede contener enlaces (links) a otras p\u00e1ginas de terceras partes que <strong>Noray, Factor\u00eda de Dise\u00f1o<\/strong> no puede controlar. Por lo tanto, <strong>Noray, Factor\u00eda de Dise\u00f1o<\/strong> no puede asumir responsabilidades por el contenido que pueda aparecer en p\u00e1ginas de terceros.\n\n<!-- \/wp:paragraph -->\n\n<!-- wp:paragraph -->\n\nLos textos, im\u00e1genes, sonidos, animaciones, software y el resto de contenidos incluidos en este website son propiedad exclusiva de <strong>Noray, Factor\u00eda de Dise\u00f1o<\/strong> o sus licenciantes. Cualquier acto de transmisi\u00f3n, distribuci\u00f3n, cesi\u00f3n, reproducci\u00f3n, almacenamiento o comunicaci\u00f3n p\u00fablica total o parcial, debe contar con el consentimiento expreso de <strong>Noray, Factor\u00eda de Dise\u00f1o<\/strong>\n\n<!-- \/wp:paragraph -->\n\n<!-- wp:paragraph -->\n\nAsimismo, para acceder a algunos de los servicios que <strong>Noray, Factor\u00eda de Dise\u00f1o<\/strong> ofrece a trav\u00e9s del website deber\u00e1 proporcionar algunos datos de car\u00e1cter personal. En cumplimiento de lo establecido en el Reglamento (UE) 2016\/679 del Parlamento Europeo y del Consejo, de 27 de abril de 2016, relativo a la protecci\u00f3n de las personas f\u00edsicas en lo que respecta al tratamiento de datos personales y a la libre circulaci\u00f3n de estos datos le informamos que, mediante la cumplimentaci\u00f3n de los presentes formularios, sus datos personales quedar\u00e1n incorporados y ser\u00e1n tratados en los ficheros de <strong>Noray, Factor\u00eda de Dise\u00f1o<\/strong> con el fin de poderle prestar y ofrecer nuestros servicios as\u00ed como para informarle de las mejoras del sitio Web. Asimismo, le informamos de la posibilidad de que ejerza los derechos de acceso, rectificaci\u00f3n, cancelaci\u00f3n y oposici\u00f3n de sus datos de car\u00e1cter personal, manera gratuita mediante email a <strong>digital@norayfactoria.com<\/strong>","protected":false},"excerpt":{"rendered":"<p>NORAY Factor\u00eda de Dise\u00f1o, provisto con NIF\/CIF B67998500, direcci\u00f3n C\/ Toledo 2, 3-1 San Sebasti\u00e1n de los Reyes, 28701, no puede asumir ninguna responsabilidad derivada del uso incorrecto, inapropiado o il\u00edcito de la informaci\u00f3n aparecida en la p\u00e1gina de Internet de www.norayfactoria.es Con los l\u00edmites establecidos en la ley, Noray, Factor\u00eda de dise\u00f1o S.L no [&hellip;]<\/p>\n","protected":false},"author":1,"featured_media":0,"parent":0,"menu_order":0,"comment_status":"closed","ping_status":"closed","template":"","meta":{"footnotes":""},"class_list":["post-681","page","type-page","status-publish","hentry",""],"_links":{"self":[{"href":"https:\/\/www.norayfactoria.es\/index.php?rest_route=\/wp\/v2\/pages\/681","targetHints":{"allow":["GET"]}}],"collection":[{"href":"https:\/\/www.norayfactoria.es\/index.php?rest_route=\/wp\/v2\/pages"}],"about":[{"href":"https:\/\/www.norayfactoria.es\/index.php?rest_route=\/wp\/v2\/types\/page"}],"author":[{"embeddable":true,"href":"https:\/\/www.norayfactoria.es\/index.php?rest_route=\/wp\/v2\/users\/1"}],"replies":[{"embeddable":true,"href":"https:\/\/www.norayfactoria.es\/index.php?rest_route=%2Fwp%2Fv2%2Fcomments&post=681"}],"version-history":[{"count":2,"href":"https:\/\/www.norayfactoria.es\/index.php?rest_route=\/wp\/v2\/pages\/681\/revisions"}],"predecessor-version":[{"id":701,"href":"https:\/\/www.norayfactoria.es\/index.php?rest_route=\/wp\/v2\/pages\/681\/revisions\/701"}],"wp:attachment":[{"href":"https:\/\/www.norayfactoria.es\/index.php?rest_route=%2Fwp%2Fv2%2Fmedia&parent=681"}],"curies":[{"name":"wp","href":"https:\/\/api.w.org\/{rel}","templated":true}]}}